{"id":124,"date":"2016-10-27T09:28:58","date_gmt":"2016-10-27T09:28:58","guid":{"rendered":"http:\/\/javanas.net\/testsite\/?page_id=124"},"modified":"2016-11-14T11:23:18","modified_gmt":"2016-11-14T09:23:18","slug":"jalminit","status":"publish","type":"page","link":"https:\/\/javanas.net\/testsite\/jalminit\/","title":{"rendered":"Jalminit"},"content":{"rendered":"<div id=\"pl-124\"  class=\"panel-layout\" ><div id=\"pg-124-0\"  class=\"panel-grid panel-has-style\" ><div style=\"padding: 10px 0; \" data-overlay=\"true\" data-overlay-color=\"#000000\" class=\"panel-row-style panel-row-style-for-124-0\" ><div id=\"pgc-124-0-0\"  class=\"panel-grid-cell\" ><div id=\"panel-124-0-0-0\" class=\"so-panel widget widget_sow-image panel-first-child panel-last-child\" data-index=\"0\" ><div style=\"text-align: center;\" data-title-color=\"#443f3f\" data-headings-color=\"#443f3f\" class=\"panel-widget-style panel-widget-style-for-124-0-0-0\" ><div\n\t\t\t\n\t\t\tclass=\"so-widget-sow-image so-widget-sow-image-default-d6014b76747a-124\"\n\t\t\t\n\t\t>\n\n<div class=\"sow-image-container\">\n\t\t<img decoding=\"async\" src=\"https:\/\/javanas.net\/testsite\/wp-content\/uploads\/2016\/10\/logo-jalmini-tp-230x110.png\" width=\"230\" height=\"110\" srcset=\"https:\/\/javanas.net\/testsite\/wp-content\/uploads\/2016\/10\/logo-jalmini-tp-230x110.png 230w, https:\/\/javanas.net\/testsite\/wp-content\/uploads\/2016\/10\/logo-jalmini-tp-e1477993600389.png 300w, https:\/\/javanas.net\/testsite\/wp-content\/uploads\/2016\/10\/logo-jalmini-tp-768x368.png 768w, https:\/\/javanas.net\/testsite\/wp-content\/uploads\/2016\/10\/logo-jalmini-tp-1024x491.png 1024w, https:\/\/javanas.net\/testsite\/wp-content\/uploads\/2016\/10\/logo-jalmini-tp-830x398.png 830w, https:\/\/javanas.net\/testsite\/wp-content\/uploads\/2016\/10\/logo-jalmini-tp-350x168.png 350w, https:\/\/javanas.net\/testsite\/wp-content\/uploads\/2016\/10\/logo-jalmini-tp-480x230.png 480w\" sizes=\"auto, (max-width: 230px) 100vw, 230px\" title=\"logo-jalmini-tp\" alt=\"\" loading=\"lazy\" \t\tclass=\"so-widget-image\"\/>\n\t<\/div>\n\n<\/div><\/div><\/div><\/div><div id=\"pgc-124-0-1\"  class=\"panel-grid-cell\" ><div id=\"panel-124-0-1-0\" class=\"so-panel widget widget_text panel-first-child panel-last-child\" data-index=\"1\" ><div style=\"text-align: left;\" data-title-color=\"#443f3f\" data-headings-color=\"#443f3f\" class=\"panel-widget-style panel-widget-style-for-124-0-1-0\" >\t\t\t<div class=\"textwidget\"><p>Javan j\u00e4lkel\u00e4isosastoa kuvin. Klikkaamalla kuvaa p\u00e4\u00e4set ko. koiran KoiraNet -tietoihin.<\/p>\n<p>Jalmineilla on oma FB-ryhm\u00e4 kuulumisten vaihtoon ja luonnollisesti olen k\u00e4ytett\u00e4viss\u00e4, mik\u00e4li pennunomistajilla on kysymysi\u00e4 tai mietteit\u00e4 my\u00f6hemminkin. Lis\u00e4ksi j\u00e4rjest\u00e4n silloin t\u00e4ll\u00f6in j\u00e4lkel\u00e4isp\u00e4ivi\u00e4 ja koulutustapahtumia eri lajeissa, mm. agility\u00e4 Suomen huippukoutsien silmien alla. Toivon, ett\u00e4 koirat terveystutkittaisiin n. 1-2 vuoden i\u00e4ss\u00e4 (lonkat, kyyn\u00e4r\u00e4t, polvet, silm\u00e4t, mielell\u00e4\u00e4n my\u00f6s selk\u00e4 ja syd\u00e4n), koska tieto on valtavan t\u00e4rke\u00e4\u00e4 niin omistajille, kasvattajalle kuin minullekin. <\/p>\n<\/div>\n\t\t<\/div><\/div><\/div><\/div><\/div><div id=\"pg-124-1\"  class=\"panel-grid panel-has-style\" ><div style=\"padding: 10px 0; \" data-overlay=\"true\" data-overlay-color=\"#000000\" class=\"panel-row-style panel-row-style-for-124-1\" ><div id=\"pgc-124-1-0\"  class=\"panel-grid-cell\" ><div id=\"panel-124-1-0-0\" class=\"so-panel widget widget_sow-image-grid panel-first-child panel-last-child\" data-index=\"2\" ><div style=\"text-align: left;\" data-title-color=\"#443f3f\" data-headings-color=\"#443f3f\" class=\"panel-widget-style panel-widget-style-for-124-1-0-0\" ><div\n\t\t\t\n\t\t\tclass=\"so-widget-sow-image-grid so-widget-sow-image-grid-default-3fbf13dff59f-124\"\n\t\t\t\n\t\t>\t<div class=\"sow-image-grid-wrapper\"\n\t\tdata-max-width=\"500\"\t\tdata-max-height=\"500\">\n\t\t\t\t\t<div class=\"sow-image-grid-image\">\n\t\t\t\t\t\t\t\t\t\t\t\t\t<a href=\"http:\/\/jalostus.kennelliitto.fi\/frmKoira.aspx?RekNo=FI41722%2F12&#038;R=88\"\n\t\t\t\t\t>\n\t\t\t\t\t\t\t\t<img decoding=\"async\" width=\"480\" height=\"324\" src=\"https:\/\/javanas.net\/testsite\/wp-content\/uploads\/2016\/10\/20160819-IMG_2920-480x324.jpg\" class=\"sow-image-grid-image_html\" alt=\"\" title=\"K\u00e4pylaakson Elmo\" loading=\"lazy\" srcset=\"https:\/\/javanas.net\/testsite\/wp-content\/uploads\/2016\/10\/20160819-IMG_2920-480x324.jpg 480w, https:\/\/javanas.net\/testsite\/wp-content\/uploads\/2016\/10\/20160819-IMG_2920-300x203.jpg 300w, https:\/\/javanas.net\/testsite\/wp-content\/uploads\/2016\/10\/20160819-IMG_2920-768x519.jpg 768w, https:\/\/javanas.net\/testsite\/wp-content\/uploads\/2016\/10\/20160819-IMG_2920-830x561.jpg 830w, https:\/\/javanas.net\/testsite\/wp-content\/uploads\/2016\/10\/20160819-IMG_2920-230x155.jpg 230w, https:\/\/javanas.net\/testsite\/wp-content\/uploads\/2016\/10\/20160819-IMG_2920-350x237.jpg 350w, https:\/\/javanas.net\/testsite\/wp-content\/uploads\/2016\/10\/20160819-IMG_2920.jpg 1000w\" sizes=\"auto, (max-width: 480px) 100vw, 480px\" \/>\t\t\t\t\t\t\t\t\t<\/a>\n\t\t\t\t\t\t\t\t\t\t\t<\/div>\n\t\t\t\t\t<div class=\"sow-image-grid-image\">\n\t\t\t\t\t\t\t\t\t\t\t\t\t<a href=\"http:\/\/jalostus.kennelliitto.fi\/frmKoira.aspx?RekNo=FI26743%2F15&#038;R=88\"\n\t\t\t\t\t>\n\t\t\t\t\t\t\t\t<img decoding=\"async\" width=\"480\" height=\"320\" src=\"https:\/\/javanas.net\/testsite\/wp-content\/uploads\/2016\/10\/20160917-IMG_3350-2-480x320.jpg\" class=\"sow-image-grid-image_html\" alt=\"\" title=\"Halogeenin Asfalttisoturi\" loading=\"lazy\" srcset=\"https:\/\/javanas.net\/testsite\/wp-content\/uploads\/2016\/10\/20160917-IMG_3350-2-480x320.jpg 480w, https:\/\/javanas.net\/testsite\/wp-content\/uploads\/2016\/10\/20160917-IMG_3350-2-300x200.jpg 300w, https:\/\/javanas.net\/testsite\/wp-content\/uploads\/2016\/10\/20160917-IMG_3350-2-768x512.jpg 768w, https:\/\/javanas.net\/testsite\/wp-content\/uploads\/2016\/10\/20160917-IMG_3350-2-830x554.jpg 830w, https:\/\/javanas.net\/testsite\/wp-content\/uploads\/2016\/10\/20160917-IMG_3350-2-230x153.jpg 230w, https:\/\/javanas.net\/testsite\/wp-content\/uploads\/2016\/10\/20160917-IMG_3350-2-350x233.jpg 350w, https:\/\/javanas.net\/testsite\/wp-content\/uploads\/2016\/10\/20160917-IMG_3350-2-272x182.jpg 272w, https:\/\/javanas.net\/testsite\/wp-content\/uploads\/2016\/10\/20160917-IMG_3350-2.jpg 1000w\" sizes=\"auto, (max-width: 480px) 100vw, 480px\" \/>\t\t\t\t\t\t\t\t\t<\/a>\n\t\t\t\t\t\t\t\t\t\t\t<\/div>\n\t\t\t\t\t<div class=\"sow-image-grid-image\">\n\t\t\t\t\t\t\t\t\t\t\t\t\t<a href=\"http:\/\/jalostus.kennelliitto.fi\/frmKoira.aspx?RekNo=FI53996%2F14&#038;R=88\"\n\t\t\t\t\t>\n\t\t\t\t\t\t\t\t<img decoding=\"async\" width=\"480\" height=\"298\" src=\"https:\/\/javanas.net\/testsite\/wp-content\/uploads\/2016\/10\/20160819-IMG_2942-480x298.jpg\" class=\"sow-image-grid-image_html\" alt=\"\" title=\"Sunwaken Carlin Cuinn\" loading=\"lazy\" srcset=\"https:\/\/javanas.net\/testsite\/wp-content\/uploads\/2016\/10\/20160819-IMG_2942-480x298.jpg 480w, https:\/\/javanas.net\/testsite\/wp-content\/uploads\/2016\/10\/20160819-IMG_2942-300x186.jpg 300w, https:\/\/javanas.net\/testsite\/wp-content\/uploads\/2016\/10\/20160819-IMG_2942-768x476.jpg 768w, https:\/\/javanas.net\/testsite\/wp-content\/uploads\/2016\/10\/20160819-IMG_2942-830x515.jpg 830w, https:\/\/javanas.net\/testsite\/wp-content\/uploads\/2016\/10\/20160819-IMG_2942-230x143.jpg 230w, https:\/\/javanas.net\/testsite\/wp-content\/uploads\/2016\/10\/20160819-IMG_2942-350x217.jpg 350w, https:\/\/javanas.net\/testsite\/wp-content\/uploads\/2016\/10\/20160819-IMG_2942.jpg 1000w\" sizes=\"auto, (max-width: 480px) 100vw, 480px\" \/>\t\t\t\t\t\t\t\t\t<\/a>\n\t\t\t\t\t\t\t\t\t\t\t<\/div>\n\t\t\t\t\t<div class=\"sow-image-grid-image\">\n\t\t\t\t\t\t\t\t\t\t\t\t\t<a href=\"http:\/\/jalostus.kennelliitto.fi\/frmKoira.aspx?RekNo=FI53997%2F14&#038;R=88\"\n\t\t\t\t\t>\n\t\t\t\t\t\t\t\t<img decoding=\"async\" width=\"480\" height=\"320\" src=\"https:\/\/javanas.net\/testsite\/wp-content\/uploads\/2016\/10\/Viikki_16-480x320.jpg\" class=\"sow-image-grid-image_html\" alt=\"\" title=\"Sunwaken Celine Cheri\" loading=\"lazy\" srcset=\"https:\/\/javanas.net\/testsite\/wp-content\/uploads\/2016\/10\/Viikki_16-480x320.jpg 480w, https:\/\/javanas.net\/testsite\/wp-content\/uploads\/2016\/10\/Viikki_16-300x200.jpg 300w, https:\/\/javanas.net\/testsite\/wp-content\/uploads\/2016\/10\/Viikki_16-230x153.jpg 230w, https:\/\/javanas.net\/testsite\/wp-content\/uploads\/2016\/10\/Viikki_16-350x234.jpg 350w, https:\/\/javanas.net\/testsite\/wp-content\/uploads\/2016\/10\/Viikki_16-272x182.jpg 272w, https:\/\/javanas.net\/testsite\/wp-content\/uploads\/2016\/10\/Viikki_16.jpg 640w\" sizes=\"auto, (max-width: 480px) 100vw, 480px\" \/>\t\t\t\t\t\t\t\t\t<\/a>\n\t\t\t\t\t\t\t\t\t\t\t<\/div>\n\t\t\t\t\t<div class=\"sow-image-grid-image\">\n\t\t\t\t\t\t\t\t\t\t\t\t\t<a href=\"http:\/\/jalostus.kennelliitto.fi\/frmKoira.aspx?RekNo=FI22191%2F15&#038;R=88\"\n\t\t\t\t\t>\n\t\t\t\t\t\t\t\t<img decoding=\"async\" width=\"480\" height=\"306\" src=\"https:\/\/javanas.net\/testsite\/wp-content\/uploads\/2016\/10\/20160819-IMG_2897-480x306.jpg\" class=\"sow-image-grid-image_html\" alt=\"\" title=\"K\u00e4pylaakson Ilon Viej\u00e4\" loading=\"lazy\" srcset=\"https:\/\/javanas.net\/testsite\/wp-content\/uploads\/2016\/10\/20160819-IMG_2897-480x306.jpg 480w, https:\/\/javanas.net\/testsite\/wp-content\/uploads\/2016\/10\/20160819-IMG_2897-300x191.jpg 300w, https:\/\/javanas.net\/testsite\/wp-content\/uploads\/2016\/10\/20160819-IMG_2897-768x490.jpg 768w, https:\/\/javanas.net\/testsite\/wp-content\/uploads\/2016\/10\/20160819-IMG_2897-830x530.jpg 830w, https:\/\/javanas.net\/testsite\/wp-content\/uploads\/2016\/10\/20160819-IMG_2897-230x147.jpg 230w, https:\/\/javanas.net\/testsite\/wp-content\/uploads\/2016\/10\/20160819-IMG_2897-350x223.jpg 350w, https:\/\/javanas.net\/testsite\/wp-content\/uploads\/2016\/10\/20160819-IMG_2897.jpg 1000w\" sizes=\"auto, (max-width: 480px) 100vw, 480px\" \/>\t\t\t\t\t\t\t\t\t<\/a>\n\t\t\t\t\t\t\t\t\t\t\t<\/div>\n\t\t\t\t\t<div class=\"sow-image-grid-image\">\n\t\t\t\t\t\t\t\t\t\t\t\t\t<a href=\"http:\/\/jalostus.kennelliitto.fi\/frmKoira.aspx?RekNo=FI22194%2F15&#038;R=88\"\n\t\t\t\t\t>\n\t\t\t\t\t\t\t\t<img decoding=\"async\" width=\"480\" height=\"311\" src=\"https:\/\/javanas.net\/testsite\/wp-content\/uploads\/2016\/10\/20160102-IMG_0971-480x311.jpg\" class=\"sow-image-grid-image_html\" alt=\"\" title=\"K\u00e4pylaakson Ilon Tuoja\" loading=\"lazy\" srcset=\"https:\/\/javanas.net\/testsite\/wp-content\/uploads\/2016\/10\/20160102-IMG_0971-480x311.jpg 480w, https:\/\/javanas.net\/testsite\/wp-content\/uploads\/2016\/10\/20160102-IMG_0971-300x194.jpg 300w, https:\/\/javanas.net\/testsite\/wp-content\/uploads\/2016\/10\/20160102-IMG_0971-768x498.jpg 768w, https:\/\/javanas.net\/testsite\/wp-content\/uploads\/2016\/10\/20160102-IMG_0971-830x538.jpg 830w, https:\/\/javanas.net\/testsite\/wp-content\/uploads\/2016\/10\/20160102-IMG_0971-230x149.jpg 230w, https:\/\/javanas.net\/testsite\/wp-content\/uploads\/2016\/10\/20160102-IMG_0971-350x227.jpg 350w, https:\/\/javanas.net\/testsite\/wp-content\/uploads\/2016\/10\/20160102-IMG_0971.jpg 1000w\" sizes=\"auto, (max-width: 480px) 100vw, 480px\" \/>\t\t\t\t\t\t\t\t\t<\/a>\n\t\t\t\t\t\t\t\t\t\t\t<\/div>\n\t\t\t\t\t<div class=\"sow-image-grid-image\">\n\t\t\t\t\t\t\t\t\t\t\t\t\t<a href=\"http:\/\/jalostus.kennelliitto.fi\/frmKoira.aspx?RekNo=FI22192%2F15&#038;R=88\"\n\t\t\t\t\t>\n\t\t\t\t\t\t\t\t<img decoding=\"async\" width=\"480\" height=\"332\" src=\"https:\/\/javanas.net\/testsite\/wp-content\/uploads\/2016\/11\/12039027_10153494523712839_6484547582565353015_o-480x332.jpg\" class=\"sow-image-grid-image_html\" alt=\"\" title=\"K\u00e4pylaakson Ilon Voima\" loading=\"lazy\" srcset=\"https:\/\/javanas.net\/testsite\/wp-content\/uploads\/2016\/11\/12039027_10153494523712839_6484547582565353015_o-480x332.jpg 480w, https:\/\/javanas.net\/testsite\/wp-content\/uploads\/2016\/11\/12039027_10153494523712839_6484547582565353015_o-300x207.jpg 300w, https:\/\/javanas.net\/testsite\/wp-content\/uploads\/2016\/11\/12039027_10153494523712839_6484547582565353015_o-768x531.jpg 768w, https:\/\/javanas.net\/testsite\/wp-content\/uploads\/2016\/11\/12039027_10153494523712839_6484547582565353015_o-1024x708.jpg 1024w, https:\/\/javanas.net\/testsite\/wp-content\/uploads\/2016\/11\/12039027_10153494523712839_6484547582565353015_o-830x573.jpg 830w, https:\/\/javanas.net\/testsite\/wp-content\/uploads\/2016\/11\/12039027_10153494523712839_6484547582565353015_o-230x159.jpg 230w, https:\/\/javanas.net\/testsite\/wp-content\/uploads\/2016\/11\/12039027_10153494523712839_6484547582565353015_o-350x242.jpg 350w, https:\/\/javanas.net\/testsite\/wp-content\/uploads\/2016\/11\/12039027_10153494523712839_6484547582565353015_o-e1477991543190.jpg 1000w\" sizes=\"auto, (max-width: 480px) 100vw, 480px\" \/>\t\t\t\t\t\t\t\t\t<\/a>\n\t\t\t\t\t\t\t\t\t\t\t<\/div>\n\t\t\t\t\t<div class=\"sow-image-grid-image\">\n\t\t\t\t\t\t\t\t\t\t\t\t\t<a href=\"http:\/\/jalostus.kennelliitto.fi\/frmKoira.aspx?RekNo=FI22193%2F15&#038;R=88\"\n\t\t\t\t\t>\n\t\t\t\t\t\t\t\t<img decoding=\"async\" width=\"480\" height=\"334\" src=\"https:\/\/javanas.net\/testsite\/wp-content\/uploads\/2016\/11\/12186660_10153494523542839_7844269578352930233_o-480x334.jpg\" class=\"sow-image-grid-image_html\" alt=\"\" title=\"K\u00e4pylaakson Ilon Antaja\" loading=\"lazy\" srcset=\"https:\/\/javanas.net\/testsite\/wp-content\/uploads\/2016\/11\/12186660_10153494523542839_7844269578352930233_o-480x334.jpg 480w, https:\/\/javanas.net\/testsite\/wp-content\/uploads\/2016\/11\/12186660_10153494523542839_7844269578352930233_o-300x208.jpg 300w, https:\/\/javanas.net\/testsite\/wp-content\/uploads\/2016\/11\/12186660_10153494523542839_7844269578352930233_o-768x534.jpg 768w, https:\/\/javanas.net\/testsite\/wp-content\/uploads\/2016\/11\/12186660_10153494523542839_7844269578352930233_o-1024x712.jpg 1024w, https:\/\/javanas.net\/testsite\/wp-content\/uploads\/2016\/11\/12186660_10153494523542839_7844269578352930233_o-830x577.jpg 830w, https:\/\/javanas.net\/testsite\/wp-content\/uploads\/2016\/11\/12186660_10153494523542839_7844269578352930233_o-230x160.jpg 230w, https:\/\/javanas.net\/testsite\/wp-content\/uploads\/2016\/11\/12186660_10153494523542839_7844269578352930233_o-350x243.jpg 350w, https:\/\/javanas.net\/testsite\/wp-content\/uploads\/2016\/11\/12186660_10153494523542839_7844269578352930233_o-e1477991488645.jpg 1000w\" sizes=\"auto, (max-width: 480px) 100vw, 480px\" \/>\t\t\t\t\t\t\t\t\t<\/a>\n\t\t\t\t\t\t\t\t\t\t\t<\/div>\n\t\t\t\t\t<div class=\"sow-image-grid-image\">\n\t\t\t\t\t\t\t\t\t\t\t\t\t<a href=\"http:\/\/jalostus.kennelliitto.fi\/frmKoira.aspx?RekNo=FI24225%2F15&#038;R=88\"\n\t\t\t\t\t>\n\t\t\t\t\t\t\t\t<img decoding=\"async\" width=\"480\" height=\"320\" src=\"https:\/\/javanas.net\/testsite\/wp-content\/uploads\/2016\/10\/20161112-IMG_3697-1-480x320.jpg\" class=\"sow-image-grid-image_html\" alt=\"\" title=\"Blackphantom\" loading=\"lazy\" srcset=\"https:\/\/javanas.net\/testsite\/wp-content\/uploads\/2016\/10\/20161112-IMG_3697-1-480x320.jpg 480w, https:\/\/javanas.net\/testsite\/wp-content\/uploads\/2016\/10\/20161112-IMG_3697-1-300x200.jpg 300w, https:\/\/javanas.net\/testsite\/wp-content\/uploads\/2016\/10\/20161112-IMG_3697-1-768x512.jpg 768w, https:\/\/javanas.net\/testsite\/wp-content\/uploads\/2016\/10\/20161112-IMG_3697-1-830x554.jpg 830w, https:\/\/javanas.net\/testsite\/wp-content\/uploads\/2016\/10\/20161112-IMG_3697-1-230x153.jpg 230w, https:\/\/javanas.net\/testsite\/wp-content\/uploads\/2016\/10\/20161112-IMG_3697-1-350x233.jpg 350w, https:\/\/javanas.net\/testsite\/wp-content\/uploads\/2016\/10\/20161112-IMG_3697-1-272x182.jpg 272w, https:\/\/javanas.net\/testsite\/wp-content\/uploads\/2016\/10\/20161112-IMG_3697-1.jpg 1000w\" sizes=\"auto, (max-width: 480px) 100vw, 480px\" \/>\t\t\t\t\t\t\t\t\t<\/a>\n\t\t\t\t\t\t\t\t\t\t\t<\/div>\n\t\t\t\t\t<div class=\"sow-image-grid-image\">\n\t\t\t\t\t\t\t\t\t\t\t\t\t<a href=\"http:\/\/jalostus.kennelliitto.fi\/frmKoira.aspx?RekNo=FI24226%2F15&#038;R=88\"\n\t\t\t\t\t>\n\t\t\t\t\t\t\t\t<img decoding=\"async\" width=\"480\" height=\"320\" src=\"https:\/\/javanas.net\/testsite\/wp-content\/uploads\/2016\/10\/20160227-IMG_2060-480x320.jpg\" class=\"sow-image-grid-image_html\" alt=\"\" title=\"Snowwhite\" loading=\"lazy\" srcset=\"https:\/\/javanas.net\/testsite\/wp-content\/uploads\/2016\/10\/20160227-IMG_2060-480x320.jpg 480w, https:\/\/javanas.net\/testsite\/wp-content\/uploads\/2016\/10\/20160227-IMG_2060-300x200.jpg 300w, https:\/\/javanas.net\/testsite\/wp-content\/uploads\/2016\/10\/20160227-IMG_2060-768x512.jpg 768w, https:\/\/javanas.net\/testsite\/wp-content\/uploads\/2016\/10\/20160227-IMG_2060-1024x683.jpg 1024w, https:\/\/javanas.net\/testsite\/wp-content\/uploads\/2016\/10\/20160227-IMG_2060-830x553.jpg 830w, https:\/\/javanas.net\/testsite\/wp-content\/uploads\/2016\/10\/20160227-IMG_2060-230x153.jpg 230w, https:\/\/javanas.net\/testsite\/wp-content\/uploads\/2016\/10\/20160227-IMG_2060-350x233.jpg 350w, https:\/\/javanas.net\/testsite\/wp-content\/uploads\/2016\/10\/20160227-IMG_2060-272x182.jpg 272w, https:\/\/javanas.net\/testsite\/wp-content\/uploads\/2016\/10\/20160227-IMG_2060-e1477560901151.jpg 1000w\" sizes=\"auto, (max-width: 480px) 100vw, 480px\" \/>\t\t\t\t\t\t\t\t\t<\/a>\n\t\t\t\t\t\t\t\t\t\t\t<\/div>\n\t\t\t\t\t<div class=\"sow-image-grid-image\">\n\t\t\t\t\t\t\t\t\t\t\t\t\t<a href=\"http:\/\/jalostus.kennelliitto.fi\/frmKoira.aspx?RekNo=FI24227%2F15&#038;R=88\"\n\t\t\t\t\t>\n\t\t\t\t\t\t\t\t<img decoding=\"async\" width=\"480\" height=\"313\" src=\"https:\/\/javanas.net\/testsite\/wp-content\/uploads\/2016\/10\/20160416-IMG_2277-2-480x313.jpg\" class=\"sow-image-grid-image_html\" alt=\"\" title=\"Bluebelle\" loading=\"lazy\" srcset=\"https:\/\/javanas.net\/testsite\/wp-content\/uploads\/2016\/10\/20160416-IMG_2277-2-480x313.jpg 480w, https:\/\/javanas.net\/testsite\/wp-content\/uploads\/2016\/10\/20160416-IMG_2277-2-300x195.jpg 300w, https:\/\/javanas.net\/testsite\/wp-content\/uploads\/2016\/10\/20160416-IMG_2277-2-768x500.jpg 768w, https:\/\/javanas.net\/testsite\/wp-content\/uploads\/2016\/10\/20160416-IMG_2277-2-1024x667.jpg 1024w, https:\/\/javanas.net\/testsite\/wp-content\/uploads\/2016\/10\/20160416-IMG_2277-2-830x541.jpg 830w, https:\/\/javanas.net\/testsite\/wp-content\/uploads\/2016\/10\/20160416-IMG_2277-2-230x150.jpg 230w, https:\/\/javanas.net\/testsite\/wp-content\/uploads\/2016\/10\/20160416-IMG_2277-2-350x228.jpg 350w, https:\/\/javanas.net\/testsite\/wp-content\/uploads\/2016\/10\/20160416-IMG_2277-2-e1477942481306.jpg 1000w\" sizes=\"auto, (max-width: 480px) 100vw, 480px\" \/>\t\t\t\t\t\t\t\t\t<\/a>\n\t\t\t\t\t\t\t\t\t\t\t<\/div>\n\t\t\t\t\t<div class=\"sow-image-grid-image\">\n\t\t\t\t\t\t\t\t\t\t\t\t\t<a href=\"http:\/\/jalostus.kennelliitto.fi\/frmKoira.aspx?RekNo=FI42716%2F14&#038;R=88\"\n\t\t\t\t\t>\n\t\t\t\t\t\t\t\t<img decoding=\"async\" width=\"480\" height=\"329\" src=\"https:\/\/javanas.net\/testsite\/wp-content\/uploads\/2016\/11\/12087183_10153494523997839_8853318909667606105_o-480x329.jpg\" class=\"sow-image-grid-image_html\" alt=\"\" title=\"Villanillan Mets\u00e4nkeiju\" loading=\"lazy\" srcset=\"https:\/\/javanas.net\/testsite\/wp-content\/uploads\/2016\/11\/12087183_10153494523997839_8853318909667606105_o-480x329.jpg 480w, https:\/\/javanas.net\/testsite\/wp-content\/uploads\/2016\/11\/12087183_10153494523997839_8853318909667606105_o-300x206.jpg 300w, https:\/\/javanas.net\/testsite\/wp-content\/uploads\/2016\/11\/12087183_10153494523997839_8853318909667606105_o-768x527.jpg 768w, https:\/\/javanas.net\/testsite\/wp-content\/uploads\/2016\/11\/12087183_10153494523997839_8853318909667606105_o-1024x702.jpg 1024w, https:\/\/javanas.net\/testsite\/wp-content\/uploads\/2016\/11\/12087183_10153494523997839_8853318909667606105_o-830x569.jpg 830w, https:\/\/javanas.net\/testsite\/wp-content\/uploads\/2016\/11\/12087183_10153494523997839_8853318909667606105_o-230x158.jpg 230w, https:\/\/javanas.net\/testsite\/wp-content\/uploads\/2016\/11\/12087183_10153494523997839_8853318909667606105_o-350x240.jpg 350w, https:\/\/javanas.net\/testsite\/wp-content\/uploads\/2016\/11\/12087183_10153494523997839_8853318909667606105_o-e1477991524771.jpg 1000w\" sizes=\"auto, (max-width: 480px) 100vw, 480px\" \/>\t\t\t\t\t\t\t\t\t<\/a>\n\t\t\t\t\t\t\t\t\t\t\t<\/div>\n\t\t\t<\/div>\n<\/div><\/div><\/div><\/div><\/div><\/div><\/div>","protected":false},"excerpt":{"rendered":"<p>Javan j\u00e4lkel\u00e4isosastoa kuvin. Klikkaamalla kuvaa p\u00e4\u00e4set ko. koiran KoiraNet -tietoihin. Jalmineilla on oma FB-ryhm\u00e4 kuulumisten vaihtoon ja luonnollisesti olen k\u00e4ytett\u00e4viss\u00e4, mik\u00e4li pennunomistajilla [&hellip;]<\/p>\n","protected":false},"author":1,"featured_media":0,"parent":0,"menu_order":0,"comment_status":"closed","ping_status":"closed","template":"","meta":{"footnotes":""},"class_list":["post-124","page","type-page","status-publish","hentry"],"_links":{"self":[{"href":"https:\/\/javanas.net\/testsite\/wp-json\/wp\/v2\/pages\/124","targetHints":{"allow":["GET"]}}],"collection":[{"href":"https:\/\/javanas.net\/testsite\/wp-json\/wp\/v2\/pages"}],"about":[{"href":"https:\/\/javanas.net\/testsite\/wp-json\/wp\/v2\/types\/page"}],"author":[{"embeddable":true,"href":"https:\/\/javanas.net\/testsite\/wp-json\/wp\/v2\/users\/1"}],"replies":[{"embeddable":true,"href":"https:\/\/javanas.net\/testsite\/wp-json\/wp\/v2\/comments?post=124"}],"version-history":[{"count":13,"href":"https:\/\/javanas.net\/testsite\/wp-json\/wp\/v2\/pages\/124\/revisions"}],"predecessor-version":[{"id":234,"href":"https:\/\/javanas.net\/testsite\/wp-json\/wp\/v2\/pages\/124\/revisions\/234"}],"wp:attachment":[{"href":"https:\/\/javanas.net\/testsite\/wp-json\/wp\/v2\/media?parent=124"}],"curies":[{"name":"wp","href":"https:\/\/api.w.org\/{rel}","templated":true}]}}